ors of r.
43
Let a = 36 + -22. Suppose x = -x + a. List the prime factors of x.
7
What are the prime factors of 0 - -258*(6/(-4) + 2)?
3, 43
Let l(c) = 3*c - 1. Let q(a) = 3*a. Let m(r) = 3*l(r) - 2*q(r). List the prime factors of m(3).
2, 3
Suppose -4*f = 4*l - 237 - 55, 2*l - 3*f = 161. Suppose 4*h - l = -4*x, 4*x = -3*h - 36 + 94. What are the prime factors of h?
2, 3
Suppose 0*g + 5*g = -2*q + 33, 0 = -5*q - 3*g + 35. Suppose 12 + 28 = q*i. List the prime factors of i.
2, 5
Suppose 17 = w + 2. What are the prime factors of w?
3, 5
Suppose 4*c = 0, -5*f + 5*c = -3*f - 118. What are the prime factors of f?
59
Suppose 4*v - v = 5*c + 175, 8 = 2*c. List the prime factors of v.
5, 13
Let m(b) = b**3 + 5*b - 2. Let h be m(3). Suppose -4*q = 4*o - h, -4 = -q + 5*o - 6. Suppose -q*t = -3*t - 10. What are the prime factors of t?
2
Suppose 2*q + 87 = 5*q. List the prime factors of q.
29
Let a(r) = r**3 + 9*r**2 + 11*r - 7. List the prime factors of a(-6).
5, 7
Let p(y) = -y**3 - y**2 + 5*y - 4. Let u be p(-3). Let n(h) = 37*h**2 + 1. List the prime factors of n(u).
2, 19
What are the prime factors of 20/(-70) + 928/14?
2, 3, 11
Let m be ((-3 - -3)/2)/(-2). Suppose 3*i = -m*i + 36. What are the prime factors of i?
2, 3
Suppose -4*x + 156 = 4*g, 3*g + 2*x = 3*x + 117. Suppose 0*k + k = g. What are the prime factors of k?
3, 13
Suppose 0 = -3*p + 4*p - 99. What are the prime factors of p?
3, 11
Let t(p) = 23*p. Let f be t(1). Let c be 13/3 + 1/(-3). Suppose 2*i = c*x + 20, -5*i = -0*x - x - f. List the prime factors of i.
2
List the prime factors of (-2 - -30) + (3 - 5).
2, 13
Let v = 55 - 33. Suppose -4*y = 8, y - v = 5*u - 3*y. Let o(z) = -z**3 - 7*z**2 - 7*z - 1. What are the prime factors of o(u)?
5
Let d = -32 + 71. List the prime factors of d.
3, 13
Let d = 129 + -72. List the prime factors of d.
3, 19
Suppose 5*j - 328 = -2*u, 2*j + 5*u + 172 = 5*j. What are the prime factors of j?
2
Let a(g) = -13*g - 21. List the prime factors of a(-12).
3, 5
Let l(c) be the third derivative of 0*c + 5/12*c**4 - 4/3*c**3 - 1/60*c**5 + 2*c**2 + 0. List the prime factors of l(8).
2
List the prime factors of 1494/10 - 6/(-10).
2, 3, 5
Let i(b) = 7*b**2 - 7*b + 4. Let y be i(4). Suppose 5*p + 12 = 2*t - 6, -y = -4*t - 3*p. What are the prime factors of t?
19
Suppose -4*d - 2 + 26 = -4*m, -18 = -3*d + m. Suppose 2*x = 6 + d. What are the prime factors of x?
2, 3
Let l = 44 + -25. What are the prime factors of l?
19
Let p(j) = j + 9. Suppose 12 = -0*x - 2*x. Let g be p(x). List the prime factors of (g - 1) + (-2)/(-2).
3
Let t = 5 + -1. Let m = -10 + t. What are the prime factors of m/4*(-6 - -4)?
3
Let d = 76 - -17. List the prime factors of d.
3, 31
Suppose -5*i + 3*i + 16 = 0. Let v(k) = k**3 - 10*k + 9. Let u(q) = -q**3 + q**2 + 10*q - 9. Let z(c) = 7*u(c) + 6*v(c). What are the prime factors of z(i)?
7
Let s = 10 + -5. Suppose 25 = x - 6*x, -3*g = s*x + 16. Let n = 7 - g. List the prime factors of n.
2
Let n(v) = 3*v**2 + 7*v + 9. List the prime factors of n(-4).
29
Let h(r) = -r + 3. Let l = 13 + -20. Let v be h(l). Suppose 4*x + v - 38 = 0. List the prime factors of x.
7
What are the prime factors of (-1615)/(-10) - (-2)/(-4)?
7, 23
Suppose 4*i + i = -3*m - 7, -2*m - 8 = 4*i. Let b = m + -11. List the prime factors of 2/b - 141/(-15).
3
Let z be ((-2)/6)/(2/(-78)). Let g be (-2)/(1/((-1)/2)). Suppose 0 = -i - s + 6 - g, -2*i - s = -z. What are the prime factors of i?
2
Suppose 0 = 4*t - 29 - 183. List the prime factors of t.
53
Suppose 5*u - i - 492 = -3*i, -3*u + 316 = -4*i. What are the prime factors of u?
2, 5
Suppose 0*o - o = -111. What are the prime factors of o?
3, 37
Let n = 280 + -136. List the prime factors of n.
2, 3
Suppose -4 = -4*w + 12. Let q be (-16)/(-6) - w/6. Suppose -q*i - 4*y - 13 = -5, -2*y - 20 = -3*i. List the prime factors of i.
2
Let n(j) = j**2 + 20*j + 27. What are the prime factors of n(-20)?
3
Let y(a) = 2*a**2 - 5*a + 3. Suppose 2*k = 5*h + 7*k - 5, -4*k + 12 = 2*h. Let m be y(h). Suppose 2*t - m = -3*t. What are the prime factors of t?
11
Let j(m) = -m**2 - 11*m - 10. Let a be j(-8). What are the prime factors of 240/a - (-5)/(-35)?
17
Suppose 5*g + 9 - 4 = 0. Suppose 9 = -4*u + 25. List the prime factors of (16 - u)/(g/(-1)).
2, 3
Let w(v) = -2 - 5*v + 9*v - 3*v. Let p(o) = -3*o**3 - o. Let y be p(-1). List the prime factors of w(y).
2
Suppose 2 + 6 = i + 5*g, -3*i + 52 = g. Suppose 0 = -2*j - 4*t + i, 3*j + 2*t - 4*t = 43. What are the prime factors of j?
13
Let v(d) = d - 5. Let x(h) = h - 3. Let t be x(3). Let z be v(t). List the prime factors of 0 - (z - 0/2).
5
Suppose 5*a + 4 - 29 = 0. Suppose 2*t = a*t - 18. List the prime factors of t.
2, 3
List the prime factors of ((-10)/3)/(2/(-51)).
5, 17
Let a(f) = 3*f - 2. List the prime factors of a(7).
19
Let s = 128 - 48. Let v = s + -56. List the prime factors of v.
2, 3
Suppose 0 = -g + 4*f + 70, 2*g - 3*g + 54 = 4*f. What are the prime factors of g?
2, 31
Let h = -20 + 34. Suppose v - 3*y = -h, -v - 20 = 3*v - 3*y. List the prime factors of (-102)/9*3/v.
17
Suppose 5*n - 4*l - 478 = 0, -n - n + 184 = -4*l. List the prime factors of n.
2, 7
Let f = -6 - -9. List the prime factors of f.
3
Let h = 8 + -5. Let c(p) = -h*p**2 + 4*p + 5*p**2 - 5*p - p**2 - 2. What are the prime factors of c(3)?
2
Suppose -3*l - 40 = 35. Let q = -12 - l. List the prime factors of q.
13
Let u(o) = -18*o**3 - o**2. Suppose -5*j + j = v + 21, 2*j + 10 = 0. Let i be u(v). Let l = i - 8. List the prime factors of l.
3
Let c be (2 + 2 - 3)*-2. What are the prime factors of 15/10 - 55/c?
29
Let b = -21 + 42. Let y(g) = -g**3 + 4*g**2 - 4*g + 2. Let k be y(4). Let j = k + b. List the prime factors of j.
7
Suppose -47 = -j + 3*p + 11, -2*p = -5*j + 238. List the prime factors of j.
2, 23
Let s(t) = -5*t + 2. Let k(i) = -i. Let b be k(7). List the prime factors of s(b).
37
Let x = 414 - 210. What are the prime factors of x?
2, 3, 17
Let a = -8 - -24. Let c = 52 - a. List the prime factors of 2/9 + 172/c.
5
Suppose t + 0*t - 155 = 0. List the prime factors of t.
5, 31
Suppose 5*y - 20 + 0 = 0. Suppose -u = y*u - 45. Suppose 3*p - u = -3*v, -4*p + v + 19 = -3. List the prime factors of p.
5
Let p = 35 - 21. Suppose -3*n + p = -n. Suppose -3*m + 3*v + n = -11, -3*m - 2*v = -18. What are the prime factors of m?
2, 3
Suppose -5*o = 3*s, -2*s + 2*o = 3*o. Suppose s = 2*v - 45 - 23. Let j = v + -24. List the prime factors of j.
2, 5
Let n = 47 - -18. What are the prime factors of n?
5, 13
Let q = -39 + 66. List the prime factors of q.
3
Suppose -7*v + 15 = -2*v. Suppose w = -0 + v. What are the prime factors of w?
3
Let a be (0 - 2)*-1 - -3. Suppose -f + a*f = 104. What are the prime factors of f?
2, 13
Suppose 9 = 2*u + 3*u - 3*q, 4*q = u + 5. Suppose y - 5 = 5*m, -u*m + 9 = -0*m. What are the prime factors of y?
2, 5
Suppose 2*k - 100 = -2*k. Suppose -k = 3*f + 2*f + 5*m, f - 5*m - 1 = 0. List the prime factors of f/4*7*-1.
7
Suppose 6*i - 3*i + 2*q = 46, 5*i - 5*q - 35 = 0. List the prime factors of 0 + i/1 + 0.
2, 3
Let w = -3 - -5. Suppose 3*d + 2*m + 2 = -1, -5*m = -w*d - 21. What are the prime factors of (-32)/d*(-18)/(-12)?
2
Let b(l) = 2*l**2 + 2*l - 7. Let p be b(6). Suppose 4*a + 3*h = p, -3*h - 10 = -2*a + 15. What are the prime factors of a?
17
Suppose 2*w = -31 + 3. Let v = w + 21. Let u = v + -5. What are the prime factors of u?
2
Let m be 2/2 - (-2 + 9). Let k be (m/(-3) - 4) + 2. Suppose g + k*g = 9. List the prime factors of g.
3
Let u(g) = g**2 + 8*g - 1. List the prime factors of u(6).
83
Suppose -2*c + 12 = -54. What are the prime factors of c?
3, 11
What are the prime factors of ((-20)/2)/(5/(-5))?
2, 5
Suppose 2*y + 0*y - 96 = -4*u, 4*u + 48 = y. Suppose 2*k = 5*k - y. Suppose 0 = -2*r - 8, 0*h - h - r = -k. What are the prime factors of h?
2, 5
Let h(t) = -t - 2. Let a be h(-6). Let s = a + -2. What are the prime factors of s?
2
Let s = -47 + 32. Let m be s/(-2) - (-4)/(-8). List the prime factors of (m/3)/((-7)/(-42)).
2, 7
Let p = -6 + 13. Let j(d) = d - 9. Let a be j(p). What are the prime factors of (4 + -3)*(-16)/a?
2
Suppose 0 = -0*o + 2*o + 52. Let d = 41 + o. Let h = d - 5. List the prime factors of h.
2, 5
Let o be 16/(-6)*3/(-2). Suppose 2*l - x = 5*l - 32, 4*x = o*l - 16. Wh